{"id":9,"date":"2020-02-10T10:51:32","date_gmt":"2020-02-10T09:51:32","guid":{"rendered":"http:\/\/www.altec-equipment.com\/?page_id=9"},"modified":"2025-03-03T20:48:45","modified_gmt":"2025-03-03T19:48:45","slug":"produits","status":"publish","type":"page","link":"https:\/\/www.altec-equipment.com\/?page_id=9","title":{"rendered":"Produits"},"content":{"rendered":"\t\t<div data-elementor-type=\"wp-page\" data-elementor-id=\"9\" class=\"elementor elementor-9\" data-elementor-post-type=\"page\">\n\t\t\t\t\t\t<section class=\"elementor-section elementor-top-section elementor-element elementor-element-91f8356 elementor-section-full_width elementor-section-height-default elementor-section-height-default\" data-id=\"91f8356\" data-element_type=\"section\">\n\t\t\t\t\t\t<div class=\"elementor-container elementor-column-gap-no\">\n\t\t\t\t\t<div class=\"elementor-column elementor-col-100 elementor-top-column elementor-element elementor-element-e79ac31\" data-id=\"e79ac31\" data-element_type=\"column\">\n\t\t\t<div class=\"elementor-widget-wrap elementor-element-populated\">\n\t\t\t\t\t\t<div class=\"elementor-element elementor-element-44622c7 elementor-widget elementor-widget-heading\" data-id=\"44622c7\" data-element_type=\"widget\" data-widget_type=\"heading.default\">\n\t\t\t\t<div class=\"elementor-widget-container\">\n\t\t\t\t\t<h1 class=\"elementor-heading-title elementor-size-default\"><br>Produits<br><\/h1>\t\t\t\t<\/div>\n\t\t\t\t<\/div>\n\t\t\t\t<div class=\"elementor-element elementor-element-8f63557 elementor-widget elementor-widget-text-editor\" data-id=\"8f63557\" data-element_type=\"widget\" data-widget_type=\"text-editor.default\">\n\t\t\t\t<div class=\"elementor-widget-container\">\n\t\t\t\t\t\t\t\t\t<p style=\"text-align: center;\"><strong><span style=\"color: #757373;\"><a style=\"color: #757373;\" href=\"https:\/\/www.altec-equipment.com\/categorie-produit\/mouvements-ultravide\/\"><span style=\"color: #54595f;\">Mouvements<\/span><\/a><\/span><span style=\"color: #54595f;\"><a style=\"color: #54595f;\" href=\"https:\/\/www.altec-equipment.com\/categorie-produit\/mouvements-ultravide\/\"> ultravide &#8211; UHV Design<\/a><\/span><\/strong><\/p><p style=\"text-align: center;\"><a href=\"https:\/\/www.altec-equipment.com\/categorie-produit\/jauge-a-vide\/\"><span style=\"color: #54595f;\"><strong>Jauges \u00e0 vide &#8211; Televac<\/strong><\/span><\/a><\/p><p style=\"text-align: center;\"><a href=\"https:\/\/www.altec-equipment.com\/categorie-produit\/pompes-cryogeniques\/\"><span style=\"color: #54595f;\"><strong>Pompes cryog\u00e9niques &#8211; Trillium<\/strong><\/span><\/a><\/p><p style=\"text-align: center;\"><span style=\"color: #54595f;\"><a style=\"color: #54595f;\" href=\"https:\/\/www.altec-equipment.com\/categorie-produit\/pompes-ioniques\/\"><strong>Pompes ioniques &#8211; Gamma Vacuum<\/strong><\/a><\/span><\/p><p style=\"text-align: center;\"><span style=\"color: #54595f;\"><a style=\"color: #54595f;\" href=\"https:\/\/www.altec-equipment.com\/categorie-produit\/spectrometres-de-masse\/\"><strong>Spectrom\u00e8tres de masse &#8211; Extrel<\/strong><\/a><\/span><\/p><p style=\"text-align: center;\"><span style=\"color: #54595f;\"><a style=\"color: #54595f;\" href=\"https:\/\/www.altec-equipment.com\/categorie-produit\/traversees-de-cloison\/\"><strong>Travers\u00e9es \u00e9tanches &#8211; SST<\/strong><\/a><\/span><\/p><p style=\"text-align: center;\"><span style=\"color: #54595f;\"><a style=\"color: #54595f;\" href=\"https:\/\/www.altec-equipment.com\/categorie-produit\/vannes-vide-et-ultravide\/\"><strong>Vannes vide et ultravide &#8211; HVA<\/strong><\/a><\/span><\/p><p style=\"text-align: center;\"><span style=\"color: #54595f;\"><a style=\"color: #54595f;\" href=\"https:\/\/www.altec-equipment.com\/categorie-produit\/plasma-cleaner\/\"><strong>Plasma cleaner &#8211; Henniker Plasma<\/strong><\/a><\/span><\/p><p style=\"text-align: center;\"><span style=\"color: #54595f;\"><a style=\"color: #54595f;\" href=\"https:\/\/www.altec-equipment.com\/categorie-produit\/hublots-uhv-et-anodes-x-ray\"><strong>Optiques &amp; composants rayons X &#8211; TSL<\/strong><\/a><\/span><\/p><p style=\"text-align: center;\"><span style=\"color: #54595f;\"><a style=\"color: #54595f;\" href=\"https:\/\/www.altec-equipment.com\/?product=soufflets-bellows\"><strong>Soufflets \u00e0 coupelles soud\u00e9es &#8211; Mewasa<\/strong><\/a><\/span><\/p>\t\t\t\t\t\t\t\t<\/div>\n\t\t\t\t<\/div>\n\t\t\t\t\t<\/div>\n\t\t<\/div>\n\t\t\t\t\t<\/div>\n\t\t<\/section>\n\t\t\t\t<section class=\"elementor-section elementor-top-section elementor-element elementor-element-9ddee13 elementor-section-full_width elementor-section-height-default elementor-section-height-default\" data-id=\"9ddee13\" data-element_type=\"section\">\n\t\t\t\t\t\t<div class=\"elementor-container elementor-column-gap-default\">\n\t\t\t\t\t<div class=\"elementor-column elementor-col-100 elementor-top-column elementor-element elementor-element-99e35d1\" data-id=\"99e35d1\" data-element_type=\"column\">\n\t\t\t<div class=\"elementor-widget-wrap elementor-element-populated\">\n\t\t\t\t\t\t<div class=\"elementor-element elementor-element-f127d3f elementor-widget elementor-widget-image\" data-id=\"f127d3f\" data-element_type=\"widget\" data-widget_type=\"image.default\">\n\t\t\t\t<div class=\"elementor-widget-container\">\n\t\t\t\t\t\t\t\t\t\t\t\t\t\t\t<img fetchpriority=\"high\" decoding=\"async\" width=\"1920\" height=\"500\" src=\"https:\/\/www.altec-equipment.com\/wp-content\/uploads\/2020\/02\/bandeau-contact.jpg\" class=\"attachment-full size-full wp-image-155\" alt=\"\" srcset=\"https:\/\/www.altec-equipment.com\/wp-content\/uploads\/2020\/02\/bandeau-contact.jpg 1920w, https:\/\/www.altec-equipment.com\/wp-content\/uploads\/2020\/02\/bandeau-contact-300x78.jpg 300w, https:\/\/www.altec-equipment.com\/wp-content\/uploads\/2020\/02\/bandeau-contact-1024x267.jpg 1024w, https:\/\/www.altec-equipment.com\/wp-content\/uploads\/2020\/02\/bandeau-contact-768x200.jpg 768w, https:\/\/www.altec-equipment.com\/wp-content\/uploads\/2020\/02\/bandeau-contact-1536x400.jpg 1536w, https:\/\/www.altec-equipment.com\/wp-content\/uploads\/2020\/02\/bandeau-contact-600x156.jpg 600w\" sizes=\"(max-width: 1920px) 100vw, 1920px\" \/>\t\t\t\t\t\t\t\t\t\t\t\t\t\t\t<\/div>\n\t\t\t\t<\/div>\n\t\t\t\t\t<\/div>\n\t\t<\/div>\n\t\t\t\t\t<\/div>\n\t\t<\/section>\n\t\t\t\t<section class=\"elementor-section elementor-top-section elementor-element elementor-element-5f36659 elementor-section-boxed elementor-section-height-default elementor-section-height-default\" data-id=\"5f36659\" data-element_type=\"section\">\n\t\t\t\t\t\t<div class=\"elementor-container elementor-column-gap-default\">\n\t\t\t\t\t<div class=\"elementor-column elementor-col-100 elementor-top-column elementor-element elementor-element-f25d333\" data-id=\"f25d333\" data-element_type=\"column\">\n\t\t\t<div class=\"elementor-widget-wrap elementor-element-populated\">\n\t\t\t\t\t\t<div class=\"elementor-element elementor-element-ca8590c elementor-product-loop-item--align-center elementor-products-grid elementor-wc-products elementor-show-pagination-border-yes elementor-widget elementor-widget-wc-archive-products\" data-id=\"ca8590c\" data-element_type=\"widget\" data-widget_type=\"wc-archive-products.default\">\n\t\t\t\t<div class=\"elementor-widget-container\">\n\t\t\t\t\t<div class=\"elementor-nothing-found elementor-products-nothing-found\">Il semble que nous ne trouvions pas ce que vous cherchez.<\/div>\t\t\t\t<\/div>\n\t\t\t\t<\/div>\n\t\t\t\t\t<\/div>\n\t\t<\/div>\n\t\t\t\t\t<\/div>\n\t\t<\/section>\n\t\t\t\t<section class=\"elementor-section elementor-top-section elementor-element elementor-element-3727f1a elementor-section-boxed elementor-section-height-default elementor-section-height-default\" data-id=\"3727f1a\" data-element_type=\"section\">\n\t\t\t\t\t\t<div class=\"elementor-container elementor-column-gap-default\">\n\t\t\t\t\t<div class=\"elementor-column elementor-col-100 elementor-top-column elementor-element elementor-element-8850800\" data-id=\"8850800\" data-element_type=\"column\" data-settings=\"{&quot;background_background&quot;:&quot;classic&quot;}\">\n\t\t\t<div class=\"elementor-widget-wrap\">\n\t\t\t\t\t\t\t<\/div>\n\t\t<\/div>\n\t\t\t\t\t<\/div>\n\t\t<\/section>\n\t\t\t\t<\/div>\n\t\t","protected":false},"excerpt":{"rendered":"<p>Produits Mouvements ultravide &#8211; UHV Design Jauges \u00e0 vide &#8211; Televac Pompes cryog\u00e9niques &#8211; Trillium Pompes ioniques &#8211; Gamma Vacuum Spectrom\u00e8tres de masse &#8211; Extrel Travers\u00e9es \u00e9tanches &#8211; SST Vannes vide et ultravide &#8211; HVA Plasma cleaner &#8211; Henniker Plasma Optiques &amp; composants rayons X &#8211; TSL Soufflets \u00e0 coupelles soud\u00e9es &#8211; Mewasa<\/p>\n","protected":false},"author":1,"featured_media":0,"parent":0,"menu_order":0,"comment_status":"closed","ping_status":"closed","template":"","meta":{"footnotes":""},"_links":{"self":[{"href":"https:\/\/www.altec-equipment.com\/index.php?rest_route=\/wp\/v2\/pages\/9"}],"collection":[{"href":"https:\/\/www.altec-equipment.com\/index.php?rest_route=\/wp\/v2\/pages"}],"about":[{"href":"https:\/\/www.altec-equipment.com\/index.php?rest_route=\/wp\/v2\/types\/page"}],"author":[{"embeddable":true,"href":"https:\/\/www.altec-equipment.com\/index.php?rest_route=\/wp\/v2\/users\/1"}],"replies":[{"embeddable":true,"href":"https:\/\/www.altec-equipment.com\/index.php?rest_route=%2Fwp%2Fv2%2Fcomments&post=9"}],"version-history":[{"count":76,"href":"https:\/\/www.altec-equipment.com\/index.php?rest_route=\/wp\/v2\/pages\/9\/revisions"}],"predecessor-version":[{"id":676,"href":"https:\/\/www.altec-equipment.com\/index.php?rest_route=\/wp\/v2\/pages\/9\/revisions\/676"}],"wp:attachment":[{"href":"https:\/\/www.altec-equipment.com\/index.php?rest_route=%2Fwp%2Fv2%2Fmedia&parent=9"}],"curies":[{"name":"wp","href":"https:\/\/api.w.org\/{rel}","templated":true}]}}