{"id":195,"date":"2020-02-20T11:20:01","date_gmt":"2020-02-20T10:20:01","guid":{"rendered":"http:\/\/www.altec-equipment.com\/?post_type=product&#038;p=195"},"modified":"2020-09-15T23:54:59","modified_gmt":"2020-09-15T21:54:59","slug":"robot-de-transfert","status":"publish","type":"product","link":"https:\/\/www.altec-equipment.com\/?product=robot-de-transfert","title":{"rendered":"Robot de transfert"},"content":{"rendered":"<p>&nbsp;<\/p>\n<p>Les syst\u00e8mes radiaux n\u00e9cessitent le transfert pr\u00e9cis d&rsquo;\u00e9chantillons entre plusieurs chambres pour la pr\u00e9paration et l&rsquo;analyse. Ceci est g\u00e9r\u00e9 \u00e0 partir d&rsquo;une chambre de distribution radiale centrale. Le bras de transfert t\u00e9lescopique radial (RTTA) repr\u00e9sente une avanc\u00e9e d\u00e9cisive dans la technologie de distribution radiale offrant des performances in\u00e9gal\u00e9es par rapport aux conceptions conventionnelles \u00e0 un co\u00fbt comparable. Le RTTA utilise une MagiDrive magn\u00e9tique \u00e0 couple \u00e9lev\u00e9 pour fournir un couplage extr\u00eamement rigide pour le mouvement radial.<\/p>\n<p>Ce mouvement radial est utilis\u00e9 pour aligner le bras de transfert avec le piquage de chambre souhait\u00e9, obtenant une reproductibilit\u00e9 angulaire &lt;0,2mm. Une deuxi\u00e8me MagiDrive est utilis\u00e9e pour entra\u00eener le m\u00e9canisme t\u00e9lescopique innovant qui fournit une extension de bras de 760mm (2,5x celle des conceptions conventionnelles) pour transporter l&rsquo;\u00e9chantillon dans et hors de la chambre satellite souhait\u00e9e. Le m\u00e9canisme coulissant de pr\u00e9cision atteint une reproductibilit\u00e9 lin\u00e9aire &lt;0,2mm avec une d\u00e9flexion &lt;1mm en pleine extension avec une charge de 10N. Le RTTA est disponible en versions 2 axes et 3 axes.<\/p>\n<p>Le RTTA \u00e0 2 axes assure la rotation pour l&rsquo;alignement des piquages et l&rsquo;extension du bras pour le transfert des \u00e9chantillons. Le RTTA \u00e0 3 axes comprend \u00e9galement la possibilit\u00e9 de soulever et d&rsquo;abaisser le bras d&rsquo;\u00e9chantillonnage pour un transfert bas\u00e9 sur la gravit\u00e9 g\u00e9n\u00e9ralement utilis\u00e9 sur nos manipulateurs d&rsquo;\u00e9chantillons MBE, de pulv\u00e9risation et CVD.<\/p>\n<p><strong>Principales caract\u00e9ristiques<\/strong><\/p>\n<ul>\n<li>2,5 fois la port\u00e9e des syst\u00e8mes conventionnels<\/li>\n<li>D\u00e9flection g\u00e9n\u00e9ralement &lt;1,5mm en extension compl\u00e8te avec une charge de 10N<\/li>\n<li>Excellente reproductibilit\u00e9 de la position du substrat: &lt;0,2mm lat\u00e9ralement et axialement<\/li>\n<li>Variantes 2 axes et 3 axes<\/li>\n<li>V\u00e9ritable performance UHV<\/li>\n<\/ul>\n<p><\/span><br \/>\nPour plus d&rsquo;informations: <a href=\"https:\/\/www.uhvdesign.com\/products\/radial-telescopic-transfer-arms\" target=\"_blank\" rel=\"noopener noreferrer\"><strong><span style=\"color: #0000ff;\">cliquer ici<\/span><\/strong><\/a>.<\/p>\n","protected":false},"excerpt":{"rendered":"<p>&nbsp; Les syst\u00e8mes radiaux n\u00e9cessitent le transfert pr\u00e9cis d&rsquo;\u00e9chantillons entre plusieurs chambres pour la pr\u00e9paration et l&rsquo;analyse. Ceci est g\u00e9r\u00e9 \u00e0 partir d&rsquo;une chambre de distribution radiale centrale. Le bras de transfert t\u00e9lescopique radial (RTTA) repr\u00e9sente une avanc\u00e9e d\u00e9cisive dans la technologie de distribution radiale offrant des performances in\u00e9gal\u00e9es par rapport aux conceptions conventionnelles \u00e0 [&hellip;]<\/p>\n","protected":false},"featured_media":395,"comment_status":"open","ping_status":"closed","template":"","meta":[],"product_cat":[17],"product_tag":[],"_links":{"self":[{"href":"https:\/\/www.altec-equipment.com\/index.php?rest_route=\/wp\/v2\/product\/195"}],"collection":[{"href":"https:\/\/www.altec-equipment.com\/index.php?rest_route=\/wp\/v2\/product"}],"about":[{"href":"https:\/\/www.altec-equipment.com\/index.php?rest_route=\/wp\/v2\/types\/product"}],"replies":[{"embeddable":true,"href":"https:\/\/www.altec-equipment.com\/index.php?rest_route=%2Fwp%2Fv2%2Fcomments&post=195"}],"wp:featuredmedia":[{"embeddable":true,"href":"https:\/\/www.altec-equipment.com\/index.php?rest_route=\/wp\/v2\/media\/395"}],"wp:attachment":[{"href":"https:\/\/www.altec-equipment.com\/index.php?rest_route=%2Fwp%2Fv2%2Fmedia&parent=195"}],"wp:term":[{"taxonomy":"product_cat","embeddable":true,"href":"https:\/\/www.altec-equipment.com\/index.php?rest_route=%2Fwp%2Fv2%2Fproduct_cat&post=195"},{"taxonomy":"product_tag","embeddable":true,"href":"https:\/\/www.altec-equipment.com\/index.php?rest_route=%2Fwp%2Fv2%2Fproduct_tag&post=195"}],"curies":[{"name":"wp","href":"https:\/\/api.w.org\/{rel}","templated":true}]}}