{"id":220,"date":"2020-02-20T12:09:42","date_gmt":"2020-02-20T11:09:42","guid":{"rendered":"http:\/\/www.altec-equipment.com\/?post_type=product&#038;p=220"},"modified":"2020-09-15T23:47:14","modified_gmt":"2020-09-15T21:47:14","slug":"tete-froide","status":"publish","type":"product","link":"https:\/\/www.altec-equipment.com\/?product=tete-froide","title":{"rendered":"T\u00eate froide"},"content":{"rendered":"<p>&nbsp;<\/p>\n<p>La t\u00eate froide cryog\u00e9nique est au c\u0153ur de tout syst\u00e8me de cryopompe. Les t\u00eates froides cryog\u00e9niques 350CS, 1020CS et 1050CS couvrent une large gamme de capacit\u00e9s de r\u00e9frig\u00e9ration, d&rsquo;exigences de poids, de temps de refroidissement et d&rsquo;applications cryog\u00e9niques. Leur conception fiable et \u00e9prouv\u00e9e aux normes de l&rsquo;industrie, \u00e0 un ou deux \u00e9tages, permet une int\u00e9gration et une maintenance sans faille.<\/p>\n<p><strong>Principales caract\u00e9ristiques et avantages:<\/strong><\/p>\n<p>&#8211; <strong>Configuration flexible<\/strong>: les t\u00eates froides cryog\u00e9niques Cryo-Plex r\u00e9pondent \u00e0 une multitude d&rsquo;exigences et de demandes cryog\u00e9niques dans diverses industries. Appliquez des t\u00eates froides Cryo-Plex \u00e0 un syst\u00e8me existant ou en conjonction avec la gamme de cryopompes et de compresseurs d&rsquo;h\u00e9lium \u00e0 cycle ferm\u00e9 Trilium.<\/p>\n<p>&#8211; <strong>350CS Compact 20\/5 GM<\/strong>: la 350CS est une t\u00eate froide cryog\u00e9nique compacte \u00e0 un ou deux \u00e9tages con\u00e7ue sp\u00e9cifiquement pour prendre en charge une large gamme d&rsquo;applications de recherche et de production uniques. Le 350CS convient aux stations de communication par satellite, \u00e0 l&rsquo;astronomie, aux amplificateurs micro-ondes \u00e0 faible bruit, \u00e0 la recherche sur les mat\u00e9riaux, \u00e0 la spectroscopie et au refroidissement des supraconducteurs.<\/p>\n<p>&#8211; <strong>1020CS Haute Capacit\u00e9 35\/12 GM<\/strong>: la 1020CS est une t\u00eate froide cryog\u00e9nique haute capacit\u00e9 \u00e0 double \u00e9tage d\u00e9di\u00e9e. La 1020CS convient aux applications o\u00f9 une charge thermique plus \u00e9lev\u00e9e est pr\u00e9sente \u00e0 la fois \u00e0 77K et 20K.<\/p>\n<p>&#8211; <strong>1050CS haute capacit\u00e9 65\/7 GM<\/strong>: la 1050CS est la t\u00eate froide cryog\u00e9nique de la plus grande capacit\u00e9 disponible parmi les mod\u00e8les \u00e0 deux et \u00e0 un \u00e9tage. La 1050CS convient aux applications \u00e0 charge thermique \u00e9lev\u00e9e o\u00f9 une charge thermique rayonn\u00e9e \u00e9lev\u00e9e est pr\u00e9sente (cuves plus grandes ou grande surface de bouclier thermique rayonn\u00e9).<\/p>\n<p>&#8211; <strong>Fabrication de qualit\u00e9<\/strong>: Trillium s\u2019engage \u00e0 fournir des produits de qualit\u00e9 qui r\u00e9pondent de mani\u00e8re fiable aux exigences exigeantes des applications de nos clients. Nous adoptons une approche personnelle pour assurer la satisfaction totale du client. Leur usine de fabrication bas\u00e9e \u00e0 Austin, au Texas, est certifi\u00e9e ISO 9001 depuis plus de quinze ans.<\/p>\n<p>Pour plus d&rsquo;informations: <a href=\"https:\/\/trilliumus.com\/products\/cryogenics\/cryo-plex-cryo-pumps\/cryogenic-cold-heads\/\" target=\"_blank\" rel=\"noopener noreferrer\"><span style=\"color: #0000ff;\"><strong>cliquer ici<\/strong><\/span><\/a>.<\/p>\n","protected":false},"excerpt":{"rendered":"<p>&nbsp; La t\u00eate froide cryog\u00e9nique est au c\u0153ur de tout syst\u00e8me de cryopompe. Les t\u00eates froides cryog\u00e9niques 350CS, 1020CS et 1050CS couvrent une large gamme de capacit\u00e9s de r\u00e9frig\u00e9ration, d&rsquo;exigences de poids, de temps de refroidissement et d&rsquo;applications cryog\u00e9niques. Leur conception fiable et \u00e9prouv\u00e9e aux normes de l&rsquo;industrie, \u00e0 un ou deux \u00e9tages, permet une [&hellip;]<\/p>\n","protected":false},"featured_media":422,"comment_status":"open","ping_status":"closed","template":"","meta":[],"product_cat":[19],"product_tag":[],"_links":{"self":[{"href":"https:\/\/www.altec-equipment.com\/index.php?rest_route=\/wp\/v2\/product\/220"}],"collection":[{"href":"https:\/\/www.altec-equipment.com\/index.php?rest_route=\/wp\/v2\/product"}],"about":[{"href":"https:\/\/www.altec-equipment.com\/index.php?rest_route=\/wp\/v2\/types\/product"}],"replies":[{"embeddable":true,"href":"https:\/\/www.altec-equipment.com\/index.php?rest_route=%2Fwp%2Fv2%2Fcomments&post=220"}],"wp:featuredmedia":[{"embeddable":true,"href":"https:\/\/www.altec-equipment.com\/index.php?rest_route=\/wp\/v2\/media\/422"}],"wp:attachment":[{"href":"https:\/\/www.altec-equipment.com\/index.php?rest_route=%2Fwp%2Fv2%2Fmedia&parent=220"}],"wp:term":[{"taxonomy":"product_cat","embeddable":true,"href":"https:\/\/www.altec-equipment.com\/index.php?rest_route=%2Fwp%2Fv2%2Fproduct_cat&post=220"},{"taxonomy":"product_tag","embeddable":true,"href":"https:\/\/www.altec-equipment.com\/index.php?rest_route=%2Fwp%2Fv2%2Fproduct_tag&post=220"}],"curies":[{"name":"wp","href":"https:\/\/api.w.org\/{rel}","templated":true}]}}