{"id":227,"date":"2020-02-20T12:11:57","date_gmt":"2020-02-20T11:11:57","guid":{"rendered":"http:\/\/www.altec-equipment.com\/?post_type=product&#038;p=227"},"modified":"2020-10-02T14:22:52","modified_gmt":"2020-10-02T12:22:52","slug":"vanne-rectangulaire","status":"publish","type":"product","link":"https:\/\/www.altec-equipment.com\/?product=vanne-rectangulaire","title":{"rendered":"Vanne rectangulaire"},"content":{"rendered":"<p>&nbsp;<\/p>\n<p>Les vannes rectangulaires HVA offrent l&rsquo;une des plus petites surfaces int\u00e9rieures de l&rsquo;industrie des vannes \u00e0 vide. En position ouverte, le joint torique de la plaque d&rsquo;\u00e9tanch\u00e9it\u00e9 est compl\u00e8tement invisible, emp\u00eachant tout \u00e9coulement de particules ou de fluide de s&rsquo;accumuler sur la surface d&rsquo;\u00e9tanch\u00e9it\u00e9. En position ferm\u00e9e, la conception monobloc en bloc solide emp\u00eache toute accumulation de mati\u00e8re \u00e0 l&rsquo;arri\u00e8re du m\u00e9canisme de vanne, r\u00e9duisant consid\u00e9rablement les besoins de service et de maintenance. Cette vanne est con\u00e7ue pour r\u00e9pondre aux exigences d&rsquo;interface m\u00e9canique et de confinement du vide de l&rsquo;industrie. Pour r\u00e9pondre aux besoins sp\u00e9cifiques des syst\u00e8mes de traitement int\u00e9gr\u00e9s modulaires, les vannes sont con\u00e7ues pour isoler la pression de vide de chaque c\u00f4t\u00e9 de la vanne. Une conception \u00e0 profil \u00e9troit, comprenant \u00e0 la fois l&rsquo;actionneur et le contr\u00f4leur, permet un montage \u00e9tanche entre les chambres centrales, de chargement et de traitement.<\/p>\n<p>Pour plus d&rsquo;informations: <a href=\"https:\/\/www.highvac.com\/products\/valves\/88200-series-aluminum-rectangularslit-valve\/\" target=\"_blank\" rel=\"noopener noreferrer\"><span style=\"color: #0000ff;\"><strong>cliquer ici<\/strong><\/span><\/a>.<\/p>\n","protected":false},"excerpt":{"rendered":"<p>&nbsp; Les vannes rectangulaires HVA offrent l&rsquo;une des plus petites surfaces int\u00e9rieures de l&rsquo;industrie des vannes \u00e0 vide. En position ouverte, le joint torique de la plaque d&rsquo;\u00e9tanch\u00e9it\u00e9 est compl\u00e8tement invisible, emp\u00eachant tout \u00e9coulement de particules ou de fluide de s&rsquo;accumuler sur la surface d&rsquo;\u00e9tanch\u00e9it\u00e9. En position ferm\u00e9e, la conception monobloc en bloc solide emp\u00eache [&hellip;]<\/p>\n","protected":false},"featured_media":466,"comment_status":"open","ping_status":"closed","template":"","meta":[],"product_cat":[20],"product_tag":[],"_links":{"self":[{"href":"https:\/\/www.altec-equipment.com\/index.php?rest_route=\/wp\/v2\/product\/227"}],"collection":[{"href":"https:\/\/www.altec-equipment.com\/index.php?rest_route=\/wp\/v2\/product"}],"about":[{"href":"https:\/\/www.altec-equipment.com\/index.php?rest_route=\/wp\/v2\/types\/product"}],"replies":[{"embeddable":true,"href":"https:\/\/www.altec-equipment.com\/index.php?rest_route=%2Fwp%2Fv2%2Fcomments&post=227"}],"wp:featuredmedia":[{"embeddable":true,"href":"https:\/\/www.altec-equipment.com\/index.php?rest_route=\/wp\/v2\/media\/466"}],"wp:attachment":[{"href":"https:\/\/www.altec-equipment.com\/index.php?rest_route=%2Fwp%2Fv2%2Fmedia&parent=227"}],"wp:term":[{"taxonomy":"product_cat","embeddable":true,"href":"https:\/\/www.altec-equipment.com\/index.php?rest_route=%2Fwp%2Fv2%2Fproduct_cat&post=227"},{"taxonomy":"product_tag","embeddable":true,"href":"https:\/\/www.altec-equipment.com\/index.php?rest_route=%2Fwp%2Fv2%2Fproduct_tag&post=227"}],"curies":[{"name":"wp","href":"https:\/\/api.w.org\/{rel}","templated":true}]}}