{"id":267,"date":"2020-02-20T12:48:20","date_gmt":"2020-02-20T11:48:20","guid":{"rendered":"http:\/\/www.altec-equipment.com\/?post_type=product&#038;p=267"},"modified":"2021-01-18T14:46:25","modified_gmt":"2021-01-18T13:46:25","slug":"traversees-elecriques","status":"publish","type":"product","link":"https:\/\/www.altec-equipment.com\/?product=traversees-elecriques","title":{"rendered":"Travers\u00e9es \u00e9lectriques"},"content":{"rendered":"<p>&nbsp;<\/p>\n<p>DESCRIPTION :<\/p>\n<p>Tensions jusqu&rsquo;\u00e0 70 kV<\/p>\n<p>Courant jusqu&rsquo;\u00e0 1000 amp\u00e8res<\/p>\n<p>Gamme de temp\u00e9rature de -269\u00b0C \u00e0 450\u00b0C<\/p>\n<p>Pression interne 1&#215;10-10 Torr jusqu&rsquo;\u00e0 3000 psig<\/p>\n<p>Plus d&rsquo;informations: <a href=\"https:\/\/www.solidsealing.com\/products\/listings.cfm?mainCat=1&amp;subCatID=1\"><span style=\"color: #0000ff;\"><strong>cliquer ici<\/strong><\/span><\/a>.<\/p>\n","protected":false},"excerpt":{"rendered":"<p>&nbsp; DESCRIPTION : Tensions jusqu&rsquo;\u00e0 70 kV Courant jusqu&rsquo;\u00e0 1000 amp\u00e8res Gamme de temp\u00e9rature de -269\u00b0C \u00e0 450\u00b0C Pression interne 1&#215;10-10 Torr jusqu&rsquo;\u00e0 3000 psig Plus d&rsquo;informations: cliquer ici.<\/p>\n","protected":false},"featured_media":98,"comment_status":"open","ping_status":"closed","template":"","meta":[],"product_cat":[23],"product_tag":[],"_links":{"self":[{"href":"https:\/\/www.altec-equipment.com\/index.php?rest_route=\/wp\/v2\/product\/267"}],"collection":[{"href":"https:\/\/www.altec-equipment.com\/index.php?rest_route=\/wp\/v2\/product"}],"about":[{"href":"https:\/\/www.altec-equipment.com\/index.php?rest_route=\/wp\/v2\/types\/product"}],"replies":[{"embeddable":true,"href":"https:\/\/www.altec-equipment.com\/index.php?rest_route=%2Fwp%2Fv2%2Fcomments&post=267"}],"wp:featuredmedia":[{"embeddable":true,"href":"https:\/\/www.altec-equipment.com\/index.php?rest_route=\/wp\/v2\/media\/98"}],"wp:attachment":[{"href":"https:\/\/www.altec-equipment.com\/index.php?rest_route=%2Fwp%2Fv2%2Fmedia&parent=267"}],"wp:term":[{"taxonomy":"product_cat","embeddable":true,"href":"https:\/\/www.altec-equipment.com\/index.php?rest_route=%2Fwp%2Fv2%2Fproduct_cat&post=267"},{"taxonomy":"product_tag","embeddable":true,"href":"https:\/\/www.altec-equipment.com\/index.php?rest_route=%2Fwp%2Fv2%2Fproduct_tag&post=267"}],"curies":[{"name":"wp","href":"https:\/\/api.w.org\/{rel}","templated":true}]}}