{"id":662,"date":"2025-03-03T17:58:54","date_gmt":"2025-03-03T16:58:54","guid":{"rendered":"https:\/\/www.altec-equipment.com\/?post_type=product&#038;p=662"},"modified":"2026-05-06T11:21:58","modified_gmt":"2026-05-06T09:21:58","slug":"soufflets-bellows","status":"publish","type":"product","link":"https:\/\/www.altec-equipment.com\/?product=soufflets-bellows","title":{"rendered":"Soufflets \u00e0 coupelles soud\u00e9es &#8211; Bellows"},"content":{"rendered":"<p><span style=\"color: #0000ff;\"><strong>MEWASA<\/strong><\/span> &#8211; S<span class=\"HwtZe\" lang=\"fr\"><span class=\"jCAhz ChMk0b\"><span class=\"ryNqvb\">oci\u00e9t\u00e9 de fabrication suisse fond\u00e9e en 1996. MEWASA est reconnu mondialement comme fabricant de soufflets \u00e0 coupelles soud\u00e9es, de composants de vide associ\u00e9s et d&rsquo;assemblages de soufflets \u00e0 coupelles soud\u00e9es, de la plus haute qualit\u00e9 selon la norme ISO 9001:2015.<\/span><\/span><\/span><\/p>\n<p><span class=\"HwtZe\" lang=\"fr\"><span class=\"jCAhz ChMk0b\"><span class=\"ryNqvb\">Leur usine de fabrication se trouve dans la r\u00e9gion de Sarganserland en Suisse.<\/span><\/span> <span class=\"jCAhz ChMk0b\"><span class=\"ryNqvb\">MEWASA est un fournisseur privil\u00e9gi\u00e9 des industries suivantes : synchrotrons, acc\u00e9l\u00e9rateurs de particules, cryog\u00e9nie, semi-conducteurs, CNRS, CEA, int\u00e9grateurs vide pouss\u00e9e et UHV, d\u00e9fense et a\u00e9ronautique.<\/span><\/span><\/span><\/p>\n<p>Pour plus d&rsquo;informations sur les soufflets \u00e0 coupelles soud\u00e9es MEWASA: <span style=\"color: #0000ff;\"><a style=\"color: #0000ff;\" href=\"https:\/\/www.mewasa.ch\/index_en.htm\" target=\"_blank\" rel=\"noopener noreferrer\"><strong>cliquer ici<\/strong><\/a><\/span>.<\/p>\n","protected":false},"excerpt":{"rendered":"<p>MEWASA &#8211; Soci\u00e9t\u00e9 de fabrication suisse fond\u00e9e en 1996. MEWASA est reconnu mondialement comme fabricant de soufflets \u00e0 coupelles soud\u00e9es, de composants de vide associ\u00e9s et d&rsquo;assemblages de soufflets \u00e0 coupelles soud\u00e9es, de la plus haute qualit\u00e9 selon la norme ISO 9001:2015. Leur usine de fabrication se trouve dans la r\u00e9gion de Sarganserland en Suisse. [&hellip;]<\/p>\n","protected":false},"featured_media":729,"comment_status":"open","ping_status":"closed","template":"","meta":[],"product_cat":[30,31],"product_tag":[],"_links":{"self":[{"href":"https:\/\/www.altec-equipment.com\/index.php?rest_route=\/wp\/v2\/product\/662"}],"collection":[{"href":"https:\/\/www.altec-equipment.com\/index.php?rest_route=\/wp\/v2\/product"}],"about":[{"href":"https:\/\/www.altec-equipment.com\/index.php?rest_route=\/wp\/v2\/types\/product"}],"replies":[{"embeddable":true,"href":"https:\/\/www.altec-equipment.com\/index.php?rest_route=%2Fwp%2Fv2%2Fcomments&post=662"}],"wp:featuredmedia":[{"embeddable":true,"href":"https:\/\/www.altec-equipment.com\/index.php?rest_route=\/wp\/v2\/media\/729"}],"wp:attachment":[{"href":"https:\/\/www.altec-equipment.com\/index.php?rest_route=%2Fwp%2Fv2%2Fmedia&parent=662"}],"wp:term":[{"taxonomy":"product_cat","embeddable":true,"href":"https:\/\/www.altec-equipment.com\/index.php?rest_route=%2Fwp%2Fv2%2Fproduct_cat&post=662"},{"taxonomy":"product_tag","embeddable":true,"href":"https:\/\/www.altec-equipment.com\/index.php?rest_route=%2Fwp%2Fv2%2Fproduct_tag&post=662"}],"curies":[{"name":"wp","href":"https:\/\/api.w.org\/{rel}","templated":true}]}}